{"id":325,"date":"2016-03-13T21:12:14","date_gmt":"2016-03-13T21:12:14","guid":{"rendered":"http:\/\/clinicadentalpinar.com\/nueva\/?page_id=325"},"modified":"2016-03-13T21:51:55","modified_gmt":"2016-03-13T21:51:55","slug":"estetica-dental","status":"publish","type":"page","link":"https:\/\/clinicadentalpinar.com\/?page_id=325","title":{"rendered":"Est\u00e9tica Dental"},"content":{"rendered":"<div id=\"pl-325\"  class=\"panel-layout\" ><div id=\"pg-325-0\"  class=\"panel-grid panel-no-style\" ><div id=\"pgc-325-0-0\"  class=\"panel-grid-cell\" ><div id=\"panel-325-0-0-0\" class=\"so-panel widget widget_sow-editor panel-first-child panel-last-child\" data-index=\"0\" ><div\n\t\t\t\n\t\t\tclass=\"so-widget-sow-editor so-widget-sow-editor-base\"\n\t\t\t\n\t\t>\n<div class=\"siteorigin-widget-tinymce textwidget\">\n\t<p>Gracias a las modernas t\u00e9cnicas podemos corregir el color, la forma y el tama\u00f1o de los dientes. Entre las t\u00e9cnicas de las que disponemos hoy d\u00eda est\u00e1n:<\/p>\n<p><strong>Blanqueamiento Dental<\/strong><\/p>\n<p>El blanqueamiento dental es un proceso cosm\u00e9tico conservador, que ayuda a corregir las alteraciones de color de los dientes, consiguiendo un aclaramiento de los dientes sin apenas efectos secundarios.<\/p>\n<p><strong>Carillas de Porcelana<\/strong><\/p>\n<p>Las carillas de porcelana son unos delgados frentes laminados de porcelana, que se adhieren a la superficie externa del diente previamente preparado. El tallado del diente es muy conservador, ya que el grosor que necesitamos es m\u00ednimo.<\/p>\n<p>&nbsp;<\/p>\n<\/div>\n<\/div><\/div><\/div><div id=\"pgc-325-0-1\"  class=\"panel-grid-cell panel-grid-cell-empty\" ><\/div><div id=\"pgc-325-0-2\"  class=\"panel-grid-cell\" ><div id=\"panel-325-0-2-0\" class=\"so-panel widget widget_text panel-first-child\" data-index=\"1\" >\t\t\t<div class=\"textwidget\"><p>&nbsp;<\/p>\n<p>&nbsp;<\/p>\n<\/div>\n\t\t<\/div><div id=\"panel-325-0-2-1\" class=\"so-panel widget widget_sow-image panel-last-child\" data-index=\"2\" ><div\n\t\t\t\n\t\t\tclass=\"so-widget-sow-image so-widget-sow-image-default-c67d20f9f743-325\"\n\t\t\t\n\t\t>\n<div class=\"sow-image-container\">\n\t\t<img \n\tsrc=\"https:\/\/clinicadentalpinar.com\/wp-content\/uploads\/2016\/03\/clinicadentalpinar_estetica1.jpg\" width=\"250\" height=\"186\" sizes=\"(max-width: 250px) 100vw, 250px\" alt=\"\" \t\tclass=\"so-widget-image\"\/>\n\t<\/div>\n\n<\/div><\/div><\/div><\/div><div id=\"pg-325-1\"  class=\"panel-grid panel-no-style\" ><div id=\"pgc-325-1-0\"  class=\"panel-grid-cell\" ><div id=\"panel-325-1-0-0\" class=\"so-panel widget widget_sow-image panel-first-child panel-last-child\" data-index=\"3\" ><div\n\t\t\t\n\t\t\tclass=\"so-widget-sow-image so-widget-sow-image-default-c67d20f9f743-325\"\n\t\t\t\n\t\t>\n<div class=\"sow-image-container\">\n\t\t<img \n\tsrc=\"https:\/\/clinicadentalpinar.com\/wp-content\/uploads\/2016\/03\/clinicadentalpinar_estetica2.jpg\" width=\"250\" height=\"150\" sizes=\"(max-width: 250px) 100vw, 250px\" alt=\"\" \t\tclass=\"so-widget-image\"\/>\n\t<\/div>\n\n<\/div><\/div><\/div><div id=\"pgc-325-1-1\"  class=\"panel-grid-cell panel-grid-cell-empty\" ><\/div><div id=\"pgc-325-1-2\"  class=\"panel-grid-cell\" ><div id=\"panel-325-1-2-0\" class=\"so-panel widget widget_sow-editor panel-first-child panel-last-child\" data-index=\"4\" ><div\n\t\t\t\n\t\t\tclass=\"so-widget-sow-editor so-widget-sow-editor-base\"\n\t\t\t\n\t\t>\n<div class=\"siteorigin-widget-tinymce textwidget\">\n\t<p><strong>Carillas de Composite<\/strong><\/p>\n<p>Las carillas de composite a diferencia de las de porcelana, no necesitan una preparaci\u00f3n previa del diente por lo que es un tratamiento reversible y conservador. No se necesita anestesia, ya que s\u00f3lo vamos a adherir el material al diente sin necesidad de tallarlo.<\/p>\n<\/div>\n<\/div><\/div><\/div><\/div><\/div>","protected":false},"excerpt":{"rendered":"<p>Gracias a las modernas t\u00e9cnicas podemos corregir el color, la forma y el tama\u00f1o de los dientes. Entre las t\u00e9cnicas de las que disponemos hoy d\u00eda est\u00e1n: Blanqueamiento Dental El blanqueamiento dental es un proceso cosm\u00e9tico conservador, que ayuda a corregir las alteraciones de color de los dientes, consiguiendo un aclaramiento de los dientes sin [&hellip;]<\/p>\n","protected":false},"author":1,"featured_media":0,"parent":0,"menu_order":0,"comment_status":"closed","ping_status":"closed","template":"","meta":{"footnotes":""},"_links":{"self":[{"href":"https:\/\/clinicadentalpinar.com\/index.php?rest_route=\/wp\/v2\/pages\/325"}],"collection":[{"href":"https:\/\/clinicadentalpinar.com\/index.php?rest_route=\/wp\/v2\/pages"}],"about":[{"href":"https:\/\/clinicadentalpinar.com\/index.php?rest_route=\/wp\/v2\/types\/page"}],"author":[{"embeddable":true,"href":"https:\/\/clinicadentalpinar.com\/index.php?rest_route=\/wp\/v2\/users\/1"}],"replies":[{"embeddable":true,"href":"https:\/\/clinicadentalpinar.com\/index.php?rest_route=%2Fwp%2Fv2%2Fcomments&post=325"}],"version-history":[{"count":2,"href":"https:\/\/clinicadentalpinar.com\/index.php?rest_route=\/wp\/v2\/pages\/325\/revisions"}],"predecessor-version":[{"id":369,"href":"https:\/\/clinicadentalpinar.com\/index.php?rest_route=\/wp\/v2\/pages\/325\/revisions\/369"}],"wp:attachment":[{"href":"https:\/\/clinicadentalpinar.com\/index.php?rest_route=%2Fwp%2Fv2%2Fmedia&parent=325"}],"curies":[{"name":"wp","href":"https:\/\/api.w.org\/{rel}","templated":true}]}}